9
Let j be (-3 + (-749)/3)/((-14)/21). Suppose 3*v - j = -p, 3*v - 3*p = -2*v + 613. What is the remainder when v is divided by 8?
5
Let q = -2780 - -3118. What is the remainder when q is divided by 57?
53
Let o(z) = -z**2 - 13*z - 29. Let x be o(-5). Suppose -4*g = -5*s + 403, -5*g = 16*s - x*s - 385. Calculate the remainder when s is divided by 17.
11
Suppose 3*a + 7 = -x + 2, -3*x = -a - 25. Let v = 2720 + -2709. Calculate the remainder when v is divided by x.
4
Suppose -2*f = -j - 159, -2*f - 7*j + 11*j = -156. Suppose f = q + 66. What is the remainder when 227 is divided by q?
3
Let l(a) = 13*a - 3. Let f = -13 + 19. Suppose -18 = -f*u + 36. What is the remainder when l(5) is divided by u?
8
What is the remainder when ((-7514)/104*-52)/((-1)/(-5)) is divided by 186?
185
Let s = -3093 - -3114. Calculate the remainder when 355 is divided by s.
19
Let l = -408 + 243. Let f = l + 233. What is the remainder when f is divided by (-6)/(-15) + (-96)/(-10)?
8
Suppose -308 = -144*b + 100*b. Calculate the remainder when 540 is divided by b.
1
Let p = -12 - -29. Let o = 87 + -68. Suppose -o*k = -p*k - 22. Calculate the remainder when 31 is divided by k.
9
Suppose 46148 = 5*l + 3*j, -2*l + 18454 = 288*j - 292*j. Calculate the remainder when l is divided by 26.
25
Let g be 134/(1/(3 + -4)) - 1. Let t = g + 160. Calculate the remainder when 99 is divided by t.
24
Calculate the remainder when 2494 is divided by (-18)/3 - 37/((-740)/600).
22
What is the remainder when 1606 is divided by -11*(184/(-22) + 3)?
13
Suppose -4*i + 11*g - 1078 = -8548, 0 = i - 5*g - 1863. What is the remainder when i is divided by 99?
91
Suppose -702 - 219 = -5*b - 4*z, -b + 182 = 3*z. Suppose 4*g - 263 = -7. What is the remainder when b is divided by g?
57
Let s = -589 - -1708. Let a = 203 + -187. What is the remainder when s is divided by a?
15
Suppose d + 4*q = 21, 0 = -3*d - 0*q - q + 19. Let s(t) = -t**2 - t - 38. Let r be s(7). What is the remainder when (-24)/30 - (-3)/((-15)/r) is divided by d?
3
Let s = 60858 + -60843. Let k = -26 + 42. What is the remainder when k is divided by s?
1
Let a(h) be the third derivative of 107*h**5/60 + h**4/12 - h**3/3 - 2*h**2 - 96*h. What is the remainder when a(-1) is divided by 27?
22
Calculate the remainder when (3/((-18)/12))/(8/(-4)) - -397 is divided by 33.
2
Calculate the remainder when (-6)/(-12)*-16 + 1624 is divided by 113.
34
Let i(c) = c**2 + 27*c - 22. Let r be 0 - (-612)/(-22) - (-4)/(-22). What is the remainder when 303 is divided by i(r)?
3
Let m be 8/(-10)*(-45)/6. Calculate the remainder when (1 + 106)/(m/12) is divided by 2 - (-15 + -39 + 20).
34
Let o = 15 + 19. Let t be 0/(3 - (7 - 8)). Suppose -46*i + 2372 + 2228 = t. What is the remainder when i is divided by o?
32
Let i(y) = -8*y**2 + 133*y - 49. What is the remainder when 81 is divided by i(16)?
19
Let b = 30 + 8. Suppose -v = -k, 0*v = k - 5*v + 20. Calculate the remainder when b is divided by k.
3
What is the remainder when (-25 + 2)*(0 + -3) is divided by 38?
31
Let r = -64 - -307. What is the remainder when r is divided by -2 - (2*-33 - -2)?
57
Let k be 306/(-27)*(-42)/4. Let t = k - 76. Suppose 2*d - 3*c - 2*c - t = 0, -4*c + 7 = 3*d. Calculate the remainder when 26 is divided by d.
8
Suppose 304*d + 1704 = 305*d - 3*u, 0 = -d + 5*u + 1714. Calculate the remainder when d is divided by 26.
25
Let a(y) = -6*y**3 - 27*y**2 - 17*y - 118. What is the remainder when a(-6) is divided by 79?
71
Let l = 421 - 414. Suppose l*n - 128 = 138. What is the remainder when n is divided by 14?
10
Suppose -40120*l - 391 = -40137*l. Calculate the remainder when 1338 is divided by l.
4
Suppose -18 = -14*u + 11*u. Let v(c) = -c**2 - 24*c - 47. What is the remainder when 113/4 - u/24 is divided by v(-21)?
12
Suppose 23*k - 19449 - 11739 = 0. Calculate the remainder when k is divided by 39.
30
Let k be (27/(-6))/((-6)/(-72)). Calculate the remainder when 153 is divided by (k/135)/(2/(-200)).
33
Let y = 4535 - -2419. What is the remainder when y is divided by 12?
6
Let j = 7276 + -4617. Calculate the remainder when j is divided by 72.
67
Let m(a) = 3*a - 65. Let k = -57 + 57. Suppose -6*x = -k*x - 138. Calculate the remainder when 19 is divided by m(x).
3
Let l(f) = -f**3 + 11*f**2 + 27*f + 15. Let g be l(13). Let a = 85 - g. What is the remainder when a is divided by 19?
0
Let o(p) = -p**2 + 457*p - 51459. Let i(q) = 4*q**2 + q - 3. What is the remainder when o(255) is divided by i(3)?
15
Suppose 2*c - c = 2*r - 35, -55 = -4*r - c. Let o be 7*((-12)/(12/(-3)) - 2). Suppose 0 = -0*t + o*t - 70. What is the remainder when r is divided by t?
5
Let m = 38 - 17. Suppose 11*n - 12 = 5*n. Suppose v - 5*y + n = 0, 9*v = 4*v + 2*y + 59. Calculate the remainder when m is divided by v.
8
Suppose 3*i + 8*i = 946. Calculate the remainder when i is divided by 46.
40
Calculate the remainder when (602/(-7))/(5/(-5)) is divided by (1 + -4 + -7)*3/(-1).
26
Let n = 86 + -22. Let f(z) = -z**3 + z**2 - z - 3. Let s be f(3). Let p = 48 + s. What is the remainder when n is divided by p?
16
Suppose -9*x - 1315 = 413. Calculate the remainder when 794 is divided by (x/(-256))/((-6)/(-152)).
15
Suppose -571 = -122*i + 3699. Calculate the remainder when 138 is divided by i.
33
Suppose -2 = -2*o + 3*s + 12, 2*o - 2*s = 12. Let m = -22 - -94. What is the remainder when m is divided by o?
0
Suppose -5*o - 11 = -4*n, -n = 3*n - 2*o - 14. Suppose 0 = 2*r - n, 4*z = 3*r + r. Calculate the remainder when (-72)/(-2) + 6/z - 0 is divided by 21.
18
Let i(r) = r**2 + 84*r + 1648. What is the remainder when i(0) is divided by 14?
10
Let a(n) = n - 51. Let d(u) = -3*u + 152. Let j(h) = 11*a(h) + 4*d(h). Let k(p) = p**2 - 180*p + 1221. What is the remainder when j(0) is divided by k(7)?
7
Let x(j) = j**3 - 15*j**2 + 18*j - 21. Calculate the remainder when 1080 is divided by x(14).
30
Let t(f) = 4*f**2 + 2*f + 5. Suppose 12*a = -0*a. Suppose -6*r + 67 + 5 = a. Calculate the remainder when t(-3) is divided by r.
11
Let f = -91 - -116. Suppose 2*g - 3*z - f = 0, -4*g + 25 = -5*z - 20. Calculate the remainder when (4 - 3) + 31 + 2 is divided by g.
4
Suppose -60053*o = -60034*o - 3116. Calculate the remainder when 216 is divided by o.
52
Suppose 0 = -3*q - 3*h - 117, q - 18 = 3*h - 65. Let t = -30 - q. Suppose d - t = -6. What is the remainder when 8 is divided by d?
3
Let a be 68/68 - (-2)/2. Calculate the remainder when 37 is divided by (-54 + 15)*(a/(-6) + 0).
11
Suppose 4*w - m - 124 = -0*m, -8 = 2*m. Let o(k) = -w + 24*k**2 - 74*k**2 + 28*k**2 + k + 23*k**2. Calculate the remainder when 58 is divided by o(-7).
10
Let t(k) = -k**3 - 7*k**2 - 2*k + 7. Suppose 777 = 20*x - 13*x. What is the remainder when x is divided by t(-7)?
6
Suppose 1591*v = 1592*v - 10187. What is the remainder when v is divided by 23?
21
Suppose -143 + 927 = 8*d. Calculate the remainder when d is divided by -5 + 6 + -2 + 18.
13
Suppose -45 - 255 = -4*t. Let k(j) = -2*j**2 - 2*j - 20. Let u be k(-8). Let b = u - -171. Calculate the remainder when t is divided by b.
36
Let p(d) = 5*d - 25. Suppose 0*t + 24 = 3*i - t, 3*i - 24 = -5*t. Calculate the remainder when 83 is divided by p(i).
8
Let m be (37191/245)/((-6)/(-20)). Suppose -430 = 2*p - m. What is the remainder when 104 is divided by p?
28
Let b be (18/(-15))/(3/(-10)). Suppose -15 = b*n - 4*o + 5, 5*o + 15 = -5*n. Calculate the remainder when 97 is divided by 6*((-26)/n + -1).
31
Suppose -3*m + 4 + 11 = 0. Suppose 0 = 4*r - j - 152, 5*r - m*j = 9*r - 152. Calculate the remainder when 5/(((-5)/150)/(-1)) is divided by r.
36
Let w(s) = -s + 8. Let x = -21 - -23. Let p be -5 - (1 + x/1 + -6). What is the remainder when 39 is divided by w(p)?
9
Let o be (1053/(-36))/(3/72). Let w = 712 + o. Suppose 0 = 4*i - 210 + 18. What is the remainder when i is divided by w?
8
Suppose 56*a + 3816 = 268*a. Suppose -62 + 222 = 2*j. Calculate the remainder when j is divided by a.
8
Suppose t - 51 = -3*m, -6*m = -3*t - m + 139. What is the remainder when (-71)/3*t/(-16) is divided by 15?
11
Let j(t) = -5*t**2 - 15*t + 12. Let z be j(-4). Calculate the remainder when 16 is divided by 19 + z - (-2 + 0)/(-1).
7
Let o = 18 - 8. Suppose -8*v + o*v + 86 = 0. Let m = 66 + v. What is the remainder when m is divided by 6?